2. Let j = -234 - -236. Calculate f(j).
4
Suppose 2*p + 132 = 4*t - 2*p, 4*p + 39 = t. Suppose -3*j + 3*m - 24 = 0, 3*j + j + t = 5*m. Let c(a) = -a**3 - 9*a**2 - a - 13. Give c(j).
-4
Let k be -3 - -4*2/(-4). Let f be 9/(-3) - (2 - k). Let j be ((-6)/15)/(4/f). Let w(o) = 12*o**3 + o. Determine w(j).
13
Let c(w) = 31*w**2 - 5*w + 3. Let s(t) = 11*t**2 - 2*t + 1. Let d(h) = 3*c(h) - 8*s(h). Calculate d(-3).
43
Let a be (0 - (-10)/2)*2/2. Let x(u) = 4*u + u**3 - 6*u - a*u**2 - 2*u. Calculate x(6).
12
Let g be (2 - (-3)/6)*88/(-55). Let b(k) = 8*k**2 + 7*k + 1. Let h(m) = -9*m**2 - 9*m - 2. Let p(q) = g*b(q) - 3*h(q). Give p(-2).
-16
Let t(k) = -110*k**3 + 3*k**2 - 2*k - 1. Let n be t(1). Let b = n - -115. Let c(m) = m - 5. Calculate c(b).
0
Let c(z) = 11*z**2 + 4*z + 3. Suppose -6 + 166 = -80*o. Calculate c(o).
39
Suppose -2*q + 7 = 1. Let d be q/2 + 120/(-16). Let x(w) = w**2 + 7*w + 1. Determine x(d).
-5
Let n(c) = -9 - 4 + 2*c + 5 + 9. Suppose 0 = t + 2*o + 86, 0*o + 3*o + 451 = -5*t. Let f be (-4)/(-22) - t/(-22). Calculate n(f).
-7
Let c(n) = -20*n - 14 - 27*n - 19*n + 92*n - 23*n. Give c(6).
4
Let i(s) = -s + 1. Suppose 4*y = -f, -2*f = -7*f + 2*y - 44. Calculate i(f).
9
Let y(v) = -2*v + v + 2 - 2. Determine y(-2).
2
Let k(q) = -q**2 + 7*q - 2. Let c = 20 - 16. Suppose -123 = -5*s - c*f, -2*s + 4*f + 35 = -31. Suppose -2*z + s = 5*t, z + 2 + 22 = 5*t. Give k(t).
8
Let c(g) be the third derivative of -g**4/24 - 3*g**3/2 - g**2. Let n = -49 + 43. Let d be (-105)/(-10)*n/9. Calculate c(d).
-2
Suppose 4*s + 2 = 2*s. Let u(w) = 25*w**2 + 4*w - 10. Let d(m) = -2 + 3*m + 17*m**2 + 1 - 6. Let b(o) = -7*d(o) + 5*u(o). Give b(s).
6
Let s(h) be the second derivative of h**6/180 - 7*h**5/120 + 25*h**4/6 - 11*h. Let m(l) be the third derivative of s(l). Calculate m(5).
13
Let d(j) be the third derivative of j**4/12 - j**3/6 + 43*j**2. Let p(b) = 7*b - 6. Let k(i) = 2*d(i) - p(i). Determine k(-3).
13
Let c(r) = r + 8. Let q be c(-5). Let x(d) = d**2 + 6*d + 6. Let s be x(-4). Let f be q - (-2 - (3 + s)). Let o(i) = -i**3 + 6*i**2 - 2*i + 2. What is o(f)?
-10
Let i(s) = -2*s + 3*s**2 - 3*s + 7*s + s**3 - 1. Let p be -7 - ((-25)/(-5) + (-20)/2). Calculate i(p).
-1
Let h be (6/(-24))/(1/(-20)). Suppose 0 = 3*f - s - 4, -2*s = -h*f + 3 + 5. Let o(t) = -t**3 - t**2 - t - 5. Determine o(f).
-5
Let w = 62 + -36. Let r(b) = b**3 - 10 - 10 + w - 7*b**2 - 4 + 5*b. Give r(4).
-26
Let z(x) = 11*x - 25 - 41 + 65. What is z(1)?
10
Let y be 6/(-6) - (-1 + -2). Let t(m) = -2*m**3 + 3*m**2 - 8*m - 2. Let f(p) = 2*p**3 - 3*p**2 + 7*p + 1. Let v(c) = 4*f(c) + 3*t(c). What is v(y)?
10
Let b(g) = -5 - 4 + 10 - 4 - 20*g. What is b(-2)?
37
Let f(t) be the third derivative of t**6/144 - t**5/40 + t**4/6 - 4*t**2. Let g(q) be the second derivative of f(q). Suppose 39 = -27*y - 42. Determine g(y).
-18
Let i(g) = g**3 + 9*g**2 + 10*g + 11. Let l = -48 - -83. Suppose 5*j - 20 = l. Let m = j + -19. Give i(m).
-5
Let x = -15 - -25. Suppose 4*t - 5*c - x = 15, -29 = -5*t + 4*c. Let w(y) = -1 + y - 6 + y**2 - 4*y - 2*y. What is w(t)?
-7
Let t(f) = f**2 - 5*f + 3. Let q(j) = -j + 4. Let i(s) = -1. Let r(h) = 2*i(h) + q(h). Let v be (-39)/18 - 3/(-18). Let k be r(v). Determine t(k).
-1
Suppose -5*v + 28 = 5*k + 8, k + 12 = -5*v. Let y(l) = -k*l + 20*l - 8*l - 5*l - 6. Calculate y(7).
-13
Let w(m) = -m + 8. Let s be 6/21 + 1252/28. Suppose -5*f - s = -8*f. Let p = f - 15. Give w(p).
8
Let o be 6/(-4)*(-33 - -31). Let q(k) = 3*k**2 + 4 + 1 + k**o + 3*k - 6. Determine q(-3).
-10
Suppose -4*s = -3*s - 12*s. Let v(w) = w + 5. What is v(s)?
5
Suppose -c + 4 = -2*c. Suppose 7*s - 6 = 4*s. Let z(k) = -3*k**2 - 5 - 2*k**2 + 3*k**s + k + 3*k**2. What is z(c)?
7
Suppose 3 = -4*w + 47. Let b(q) = -2 + 5*q - 6 + w + q**2. Give b(-6).
9
Let z(p) = p**2 - 2*p - 1. Let s(t) = -t**2 + t + 2. Let v be s(0). Suppose -6*g + 8 = -v*g. Calculate z(g).
-1
Suppose -l + 2 = 0, 3*l + l - 13 = -5*d. Suppose d = 3*m + 1. Let f(o) = -o**2 + 2. What is f(m)?
2
Let g(j) = -15*j**2 + 3 + 2*j - j**3 + 6*j + 11*j**2. Calculate g(-6).
27
Let p(y) = -2*y**3 - y**2 - 9*y - 4. Let n(s) = 6*s**3 + 3*s**2 + 25*s + 11. Let q(v) = -4*n(v) - 11*p(v). Determine q(-1).
2
Let q be (-2 + 1)*(70 + -66). Let v(r) = 0*r - 2 + r + r. Determine v(q).
-10
Let y be (-1)/2 + 1 - (-143)/(-26). Let x(f) = 8*f**3 + 4*f + 1. Let r(d) = 17*d**3 + 7*d + 2. Let v(j) = y*x(j) + 3*r(j). Give v(-1).
-11
Let c(l) = 5*l**2 + 3*l**2 + 2 - 3 - l - 7*l**2. What is c(2)?
1
Let r be 1 + 5 + 4 - 4. Let k(f) = 5*f - 3. Let j(y) = 14*y - 10. Let z(h) = r*j(h) - 17*k(h). Determine z(-4).
-5
Let v(s) be the first derivative of s**2/2 - 29*s - 45. What is v(0)?
-29
Let m be (-11 + 1 + 0)*40/(-50). Let r(d) = d - 26. What is r(m)?
-18
Let i be ((-50)/(-5))/(-3 - -5). Let z(v) = -v**2 + 7*v - 10. Suppose 4*q - 22 = -2. Let d(n) = -n**2 + 7*n - 9. Let h(w) = q*z(w) - 6*d(w). Calculate h(i).
-6
Let r(p) = -1. Let d(k) = -29*k**3 - 2*k**2 + 7. Let q(c) = -d(c) - 6*r(c). Let j be 3/(-3*14/14). Give q(j).
-28
Suppose -n = -0*l - l - 4, n = -3*l. Suppose -n*z + 11 = 5. Let h(q) = 2*q + z*q - q - 1. Give h(-5).
-16
Let k(z) = -88*z - 694. Let w be k(-8). Let d(r) = -r + 2. Calculate d(w).
-8
Suppose 0 = 5*q - 3*q - 10. Let u(g) = 4*g + g + 2*g - q*g + 7. What is u(-6)?
-5
Let y(d) be the second derivative of 0 + 0*d**4 + d**2 + 1/60*d**5 - 3/2*d**3 - 5*d. Let t(s) be the first derivative of y(s). Determine t(0).
-9
Let z(j) = j - 4. Let h be z(0). Let n(g) = -19*g**2 + 25*g + 20. Let t(w) = 11*w**2 - 15*w - 12. Let p(u) = -7*n(u) - 12*t(u). Determine p(h).
0
Suppose -4*b = -2*g, -b + 6*b = -2*g + 9. Let h(m) = -1 - 128*m - 84*m + 208*m. Give h(b).
-5
Let o(y) = -45*y - 2 + 139*y - 44*y - 3*y**2 - 45*y + 2*y**2. Suppose -3*a - 49 = 4*h, 0*h = -2*h - 5*a - 35. Let j be (1 + 9/(-6))*h. Give o(j).
-2
Let r(z) = -5*z**3 - 1. Let x be r(1). Let n(l) = 13*l - 203 + 208 - l**2 - 19*l. Give n(x).
5
Let b(p) = -p + 20. Let h be b(16). Let r be -2*h/(-8)*3. Suppose -m - g = -1, 2*g - g = r. Let o(z) = z**2 + z. Give o(m).
2
Let g(b) be the second derivative of b**3/6 + 3*b**2/2 + 17*b. Let n = 12 + -17. Determine g(n).
-2
Let l(y) be the first derivative of -5/2*y**4 + 0*y - 1/2*y**2 + 0*y**3 + 1. Calculate l(-1).
11
Let f(r) = r**3 - r**2 + r - 14. Suppose -y = -2*y - o, 5*y = 5*o. What is f(y)?
-14
Let j(n) = -18*n + 4. Let i(r) = -r**2 + 5*r + 34. Let f be i(-4). Calculate j(f).
40
Let g = 12 - 26. Let z(v) = -v**2 - 13*v + 8. What is z(g)?
-6
Let o = -9 + 12. Suppose 2*p = -o*p + 5. Let u(y) = 11*y - 1. Determine u(p).
10
Let u(i) be the third derivative of -i**5/60 - i**4/24 + i**3/3 - i**2 - 42*i. What is u(-2)?
0
Let i = -657 + 657. Let p(g) be the second derivative of -1/6*g**3 + 0 - g - 3/2*g**2. Give p(i).
-3
Let l = 7 + -13. Let r(x) = -61 + 242 - 2*x - 64 - 59 - 64. Calculate r(l).
6
Let u(d) = -d**3 + 4*d**2 + d - 3. Suppose 44 = 9*n + 8. Suppose n*a = -5*p + 35, 8 = a - 0*p + p. Give u(a).
-23
Let r(q) = -3*q + 4. Let b = -121 - -127. Determine r(b).
-14
Suppose 0 = -17*y + 22 + 29. Suppose -y*d - d - 8 = 0. Let z(b) = -2*b - 1 + 4*b**2 - b**3 - 4*b**2. Calculate z(d).
11
Let i(m) = -2*m**2 + 1. Let q(p) = 27*p**2 - 2*p. Let g = -37 + 38. Let f(w) = g*i(w) + q(w). Determine f(1).
24
Let f(j) = j**2 - 8*j - 17. Let a be f(10). Let v(s) = 8*s - 10*s - 1 + 9*s**a + 10*s**3. Determine v(-1).
-18
Let l(z) = -z + 11. Let b be (48/9)/((-8)/(-12)). Let a be l(b). Let g(q) = 5*q**2 + 2*q**2 - 3*q**2 - a*q**2 + 5*q. Give g(-5).
0
Let c(i) be the second derivative of -i**3 + i**2 + 11*i + 1. Calculate c(3).
-16
Let k be (-15)/9 - 2/6. Let l be -2*k/(-2)*-3. Let d(t) = 2*t - 12*t**2 - 2*t**3 + 6*t**2 - 4*t**3 + 1022 + 7*t**3 - 1029. Give d(l).
5
Let l(z) be the first derivative of -7/2*z**2 - 1/3*z**3 + 21 + z. Give l(-4).
13
Let q(m) = -m**2 + 9*m - 11. Let h be q(7). Let n(f) be the second derivative of -f**4/4 + 2*f**2 + 3*f - 8. Give n(h).
-23
Let g(r) = -r**2 + r - 2. Let n = -6 + 10. Suppose 3*v - 5*p = -4 + 26, -v = -3*p - 14. Let b be 2*(v - n/(-2)). Determine g(b).
-4
Let w be 4 - ((-4 - -1) + -4). Let j(v) = 5*v - 49. Determine j(w).
6
Let f(u) be the first derivative of u**4/4 - 4*u**3/3 + 2*u**2 - 2*u - 1. Suppose -2*g - 2*a = -0*g - 16, 4*g - 5*a = -4. What is 